- 0?
-3
What is (-10 - -8) + 2 + -10?
-10
What is the value of (3 + -2 - 3) + (-33 - -31)?
-4
0 - (3 + -1 + 3 + -1)
-4
Calculate -6 + (12 - 9) + 2.
-1
(2 - 1) + (-6 - -1 - -2)
-2
What is -2 + -1 + (-3 - -2) + 8?
4
(-4 - -1) + 16 + -12
1
What is 6 + -4 - (16 - 7)?
-7
What is the value of -4 + -2 + 2 + (-2 - -5)?
-1
(1 - -2) + -2 - -2
3
Evaluate -2 + 8 + -5 + (3 - 2).
2
Evaluate -2 - -2 - (-3 + 8).
-5
Evaluate -1 + 3 + 0 + 3.
5
What is the value of 0 - 0 - (15 + 4 + -22)?
3
12 + (-9 - -5 - 6)
2
Calculate 0 - (-1 + 1 + (-2 - 0)).
2
What is -2 + (5 - (13 + -10))?
0
Evaluate -6 + (7 - (-6 + 2)) - 5.
0
-3 - 0 - -4 - 2 - -2
1
Calculate 8 - (1 + 0 + 2).
5
Evaluate 112 + -113 - (-4 + 0).
3
What is -148 + 135 - (-15 - 1)?
3
-7 + -4 + 0 - -5 - -2
-4
What is (-1 - 0 - (1 + -4)) + 2?
4
(-14 + 17 - (-1 - -7)) + 3
0
Calculate -19 - -21 - (-1 - 1).
4
Evaluate (2 - (2 + 0)) + 2 + -7.
-5
What is the value of -6 - ((1 - -4) + 2 + -14)?
1
5 + (-8 - (5 + -6))
-2
-5 - (-14 + 3 - -6)
0
What is the value of -4 + 0 - (-28 + 30)?
-6
Evaluate (-11 - -9) + (2 - -2) + -3.
-1
Evaluate (-9 - (1 + -3)) + 4.
-3
What is -3 + -2 - (-1 - (0 - -7))?
3
Evaluate 2 + (-8 - -1) - (12 - 19).
2
Calculate -13 + 3 + 4 + -2 - -15.
7
What is the value of (2 - 2) + -3 - -1?
-2
Calculate -3 + -4 + (11 - 4).
0
Evaluate 1 - 1 - (1 - -2).
-3
Evaluate -3 - (-2 + -1) - 4.
-4
Calculate -4 - (-3 + 9) - -2.
-8
Evaluate -1 - (-1 - (-3 - -6)).
3
What is the value of -8 - (-2 - (2 - 1))?
-5
Evaluate 3 + -1 - 0 - (1 - 4).
5
(5 + -10 - -6) + (-2 - -1)
0
What is the value of -5 + 1 - (5 - 13)?
4
Calculate 0 + (12 - (1 - -5)) + -1.
5
Calculate (-1 - 1) + -1 + 0 + 5.
2
Calculate 1 - (4 + -10 - -7).
0
What is the value of 2 + 2 + (-2 - 0)?
2
What is (7 + (-10 - -1) - 1) + 5?
2
Evaluate -5 - (-2 + -3 - 13 - -6).
7
What is the value of (-1 - 0) + 8 + -8 + -4?
-5
Calculate (1 - (1 - 1)) + 7 + -4.
4
What is the value of 3 - 3 - (-29 + 21)?
8
What is the value of -5 + 6 + (-7 - -4)?
-2
Evaluate 0 - -2 - (-1 - (-2 - -1)).
2
What is the value of -8 - 0 - (-1 + 0) - -11?
4
What is -7 - (4 + -5 + 1)?
-7
Calculate -1 - -2 - (4 - (-6 - -10)).
1
Calculate -4 + 0 - (-2 + 4).
-6
What is the value of 48 + -46 + -6 + 3?
-1
Evaluate 1 + (-1 - (-7 - -4)).
3
What is the value of -3 + -1 + (-13 - (4 + -14))?
-7
Evaluate -4 + (2 - 3) - (-1 - -1).
-5
Evaluate -9 - (0 - 13) - -5.
9
(8 - 4) + -1 - 2
1
What is 7 - 4 - 4 - -4?
3
Evaluate 6 + -4 - 1 - (1 + 3).
-3
What is the value of -1 + 3 + -7 + 2?
-3
What is the value of 1 - ((12 - 8) + 1)?
-4
0 - (5 - (3 - 1))
-3
Calculate -3 + (-1 - (-3 - 1) - 0).
0
What is 4 + (-1 - 2) - (0 + 5)?
-4
(0 - 0) + 4 + 1
5
What is -4 + 1 + -4 + 11 + 1?
5
Calculate -7 - -1 - (22 - 24).
-4
What is 1 + -4 - (6 - (3 - -6))?
0
1 + 6 - (12 + 8 - 21)
8
-10 - (-6 - (-8 + 10))
-2
What is the value of 6 - (-2 + (12 - (2 - -3)))?
1
Calculate 12 + 0 - (-23 - -28).
7
What is the value of 0 + (-4 - (0 + 4 - 8))?
0
Evaluate 5 - (-5 + (2 - -3)).
5
What is (2 - (7 - -6)) + 16?
5
Calculate (-15 + 10 - (-6 - 0)) + 2.
3
What is the value of 2 + (-6 - (4 - 5))?
-3
What is -1 - 2 - (-9 - -5)?
1
What is the value of (0 - -5) + -2 - 8?
-5
What is the value of -5 + 5 + -1 + -3?
-4
What is the value of (11 - (-4 - -12)) + (0 - 0)?
3
-2 + 4 + (-1 - 1)
0
What is 6 - -1 - (8 + -19 - -16)?
2
Evaluate 1 + -8 + 4 + 7.
4
What is the value of 14 + -23 - (1 - 17)?
7
(1 + 0 - 0) + -9 + 7
-1
2 - ((4 - 4) + (-1 - 1))
4
Evaluate 1 - 3 - (29 - 28).
-3
5 + -7 - -6 - 2
2
Calculate 1 + (4 - (-4 + (3 - -1))).
5
What is the value of -6 + -3 + (14 - 4) + -7?
-6
-1 + (-1 - (-7 + 7 + -3))
1
Evaluate -6 - (6 + -1) - -6.
-5
5 - (0 - -1 - (-2 + -1))
1
What is the value of -11 + 6 + (1 - (-1 + 0))?
-3
(3 - 0) + (4 - 11)
-4
What is the value of 3 + 2 - (6 + 3 + -5)?
1
-3 + -2 + 1 - (6 + -14)
4
-36 + 36 - (-2 - (3 - 2))
3
Calculate (10 - 3 - 4) + 0 + -4.
-1
Evaluate -2 - (3 - (1 - (1 - 5))).
0
-17 + 25 + (2 - 3) - 15
-8
Evaluate (7 - 3) + (7 - (16 - 6)).
1
Evaluate 6 + -10 + -1 + 1.
-4
What is the value of (0 - -6) + -6 + (16 - 9)?
7
What is the value of 3 + 5 + 3 + -4 + -7?
0
What is -4 + (2 - 1 - -2)?
-1
0 - (9 + -10 - (1 + -1))
1
What is 5 + 5 + (-11 + 3 - 5)?
-3
Evaluate -3 - -10 - (4 - 1).
4
13 + 2 + -2 - 3
10
What is -93 + 97 + (0 - 9 - -1)?
-4
Calculate (33 - 29) + (-4 + 0 - 5).
-5
What is the value of 1 - 2 - (-2 + (-12 - -16))?
-3
Evaluate (-1 - 2) + (4 - 4) + -2.
-5
Calculate 6 + (-3 - -9) + -8.
4
Evaluate -47 - -53 - (1 - (-3 - -2)).
4
What is the value of 6 - 1 - (14 + -9 + -4)?
4
Calculate 1 - (11 + -5) - (-1 + 0).
-4
Calculate -14 - (-4 - (-8 + 12)).
-6
(-12 - -12) + 0 + 0 + -2
-2
Evaluate (-5 + 5 - 5) + 5.
0
What is the value of -2 + -6 + -1 - -7 - 3?
-5
What is the value of 1 - (-4 + 2 + 5 + -6)?
4
Evaluate 2 - 5 - (-9 - (-7 + 2)).
1
Calculate 0 - 2 - (-11 + 12).
-3
Calculate -2 + (-18 - -9) + 12 + 0.
1
What is the value of 4 - ((2 - -4) + -3) - 0?
1
2 + (1 - 1) + -3 - -5
4
-2 + (7 - 4) + (-3 - 0)
-2
Calculate 0 - -4 - (7 + -5).
2
0 - (5 - 0) - (83 - 80)
-8
Calculate -1 + (-2 - (2 - 4)).
-1
What is (4 - 3) + 0 + (-3 - -2)?
0
What is the value of 1 - (5 - 1 - (19 - 12))?
4
Calculate 1 - 7 - (-43 + 37).
0
Evaluate -2 - -1 - (-11 - -1).
9
Calculate 0 + (2 - -8 - (-2 - -7)).
5
What is the value of (-6 - -9 - -8) + -12?
-1
Calculate -13 + 6 + 10 + -3.
0
Evaluate 2 + (-1 - (2 - 0) - 2).
-3
What is -1 - (5 - 7 - (1 + 0))?
2
What is the value of (-19 - -10 - (2 + -7)) + -1?
-5
Calculate 3 + 3 - 3 - (0 - -1).
2
What is the value of 9 - (-3 + 11 + (1 - 4))?
4
Calculate -7 + 12 + -7 - (-6 + 0).
4
What is -3 + (0 - (0 - 2))?
-1
Evaluate -1 + (3 - 0) + 3.
5
Calculate 15 - 9 - -5 - 2.
9
What is (6 - (-8 - -16)) + 4?
2
Evaluate 42 + -40 + (-1 - 1).
0
Calculate (-8 - (-5 - (2 + -3))) + 0.
-4
What is the value of -8 - (0 - (8 + -6))?
-6
Evaluate 8 - (-7 - (1 - 9)).
7
What is the value of (3 - 5) + -3 + 3?
-2
Evaluate -8 - 0 - -2 - (0 - 2).
-4
Evaluate 13 + -8 + -2 + -4.
-1
0 + 0 + 0 + 5
5
1 + 1 - (4 + 5 - 6)
-1
Evaluate (-4 - -1 - 0) + 7 + 0.
4
What is the value of -5 + 4 + -3 + -1 + 2?
-3
What is -1 + 1 - (0 + 2)?
-2
Calculate (-4 - (0 + 0)) + 3 + 3.
2
What is the value of -1 - 3 - (5 + -9 - -1)?
-1
(2 - (10 - 4)) + -1
-5
What is the value of (3 - 1) + -5 - (13 + -20)?
4
What is the value of 4 + (1 - (-4 + 4 - 0))?
5
-7 - (-5 + 1) - -3
0
Evaluate 1 - (3 - (-2 - -1)).
-3
6 - 8 - -3 - (2 - -1)
-2
2 - 1 - -1 - (1 + -2)
3
What is the value of -6 - -9 - 2 - -4?
5
-6 - (-8 - (-2 - 1))
-1
5 + -11 + (1 - -1 - 0)
-4
28 + -15 + (-9 - -2)
6
What is the value of (0 - -5 - 1 - 3) + 1?
2
What is the value of (8 - 4 - (-2 + 2)) + -5?
-1
2 - (-4 + -1 + 5)
2
Evaluate 2 - (-2 - 0 - (4 - 4)).
4
What is 2 + (1 - 5 - -1)?
-1
What is (-1 - (-4 - (-2 - -1))) + 5?
7
What is the value of 3 - (1 + (-5 - -4)) - -2?
5
Calculate 3 + -1 + -1 + 3.
4
What is 10 - (10 - (-6 - -13))?
7
Calculate 6 + -9 + 9 - 1.
5
-6 + (-2 + -1 - -6) - 1
-4
Evaluate 11 + (-5 - 4) + 0.
2
What is -9 + -5 + 10 + 4 + 3?
3
What is (7 + -3 - 7) + -2?
-5
What is 3 + 0 + (0 - (-3 - -2))?
4
2 + (-1 - (-2 + 0)) - 8
-5
Evaluate 0 - (22 - 13) - -10.
1
Evaluate (-3 - -2) + (5 - 3).
1
Calculate 2 + -1 + (12 + -6 - 7).
0
What is 1 + -2 + 3 + -3 + 2?
1
-2 + (3 - -3) + -4
0
Calculate -23 - -9 - -27 - 12.
1
Calculate 0 + (-3 - -4) + -5.
-4
Calculate 0 + 2 + 0 + (8 - 5).
5
What is -5 - (4 - (2 - -2))?
-5
What is (3 - 3) + (-2 - (-4 - -9))?
-7
Calculate 36 + -29 - (2 - (0 + -1)).
4
Evaluate -3 - -3 - (-5 - -6).
-1
Evaluate -1 - (-1 + -6 - (-9 + 1)).
-2
What is the value of 1 + -1 + -2 - -7?
5
-3 + 0 + -1 + -5
-9
5 - (0 + 0 + (-16 - -18))
3
What is the value of 5 + -9 + 8 + -4?
0
Evaluate -3 + -6 + 17 + -4.
4
What is -6 + 1 + (4 - (1 + 3))?
-5
Calculate 1 + 3 + -1 + -5.
-2
What is -3 - (1 + 0 + (25 - 31))?
2
-3 - -12 - (32 - 22)
-1
What is 3 + 5 + -12 - -4?
0
18 + -18 - ((-3 - -5) + -1)
-1
What is 3 + -6 + -2 - -3?
-2
What is (7 - -5 - 7 - 8) + 13?
10
Evaluate 3 + 0 + (-7 - -3).
-1
What is the value of 7 - 12 - -11 - 6?
0
Evaluate -6 + (2 + 5 - 0).
1
What is 9 - (10 - (1 - -7))?
7
What is the value of -1 + (-4 - 3) - -10?
2
Calculate -2 - (-12 + 1 + 4).
5
What is (4 - (3 + 3)) + -1 + 2?
-1
5 + -4 + (4 - (-5 - -5))
5
What is (-6 + 2 - 1) + 4 + -1?
-2
Calculate 2 + -2 + (-17 - -18).
1
0 - 3 - (-11 + 7)
1
What is 0 + -2 - (